m - 3. Let u(c) = 6*f(c) - 5*g(c). What is the units digit of u(-9)?
3
Suppose 4*w - 24 - 260 = 0. What is the tens digit of w?
7
Suppose 169 - 41 = 4*p. What is the units digit of p?
2
Suppose -5*p - 4*x + 609 = -5*x, -2*x = 2*p - 234. What is the units digit of p?
1
Suppose 8 = -4*z - 4. Let m(l) = -l**3 - 2*l**2 - 2*l + 1. Let r be m(z). Suppose -10 = y - 6*y, 2*f - y = r. What is the units digit of f?
9
Suppose -5*d = k - 23 - 62, -4*d + 3*k = -49. What is the units digit of d?
6
Suppose 0*d = 3*d. Let w = d - -2. Suppose w*f + 42 = 5*f. What is the tens digit of f?
1
Let d(i) = -7*i**2 - i. Let h be -2*(-9)/6 - 2. Let u be d(h). Let o = -6 - u. What is the units digit of o?
2
Suppose 5*w + u - 14 = 3*u, -2*w + 4*u + 12 = 0. Let n = 8 + w. What is the units digit of n?
0
Suppose 3*q - 49 = 20. Suppose -3*t + 3*f = 0, 3*f = -4*t - 0*t + 28. Suppose t*a = 3*a + 5*n + q, -n - 7 = -a. What is the units digit of a?
3
Let t(o) = o**3 + 8*o**2 - 19*o - 7. What is the units digit of t(-8)?
5
Let o(h) = -h**3 - h**2 - 6*h - 14. What is the units digit of o(-5)?
6
Suppose -7*b - 3*u + 182 = -2*b, 69 = 2*b + 5*u. What is the tens digit of b?
3
Let g(o) = -3*o**2 - 3*o. Let s be g(4). What is the units digit of (2/6)/((-4)/s)?
5
Let l(s) = 0*s - 3 - 3 + 2*s - s. What is the units digit of l(8)?
2
Let w be (-3 + 3)/((-2)/(-1)). What is the tens digit of (w - -2)*(-4 + 12)?
1
Let r = -6 - -8. Suppose -r*v - 5 = 15. Let w = -9 - v. What is the units digit of w?
1
Let z be 1/3 - (-10)/6. Let x = z + -14. Let c = -8 - x. What is the units digit of c?
4
Suppose -2*q = -6 - 2. Suppose -6*v + v - p + 19 = 0, 8 = 2*p. Suppose v*u - u - q = 0. What is the units digit of u?
2
Let l = 3 + -1. Let x be l/(-1) - (-1 + -1). What is the units digit of ((x - 0) + -1)*-1?
1
Suppose 0 = -5*m - 29 - 11. What is the units digit of 10 - 6*4/m?
3
Let m = -27 + 55. Suppose -n + 5*n - m = 0. What is the units digit of n?
7
Suppose 35 = 4*r - 0*r - 5*j, -j = -4*r + 23. Suppose 22 = s + 5*l, -r*l + 16 = 2*s - 2*l. What is the units digit of s?
2
What is the units digit of 153/68 - 6/(-8)?
3
Let j = 5 + -5. Let q(v) = v + 6. What is the units digit of q(j)?
6
Suppose -25 = -k + 75. Suppose -79 = -5*g + 4*v + 83, 3*g - v = k. What is the tens digit of g?
3
Let x be 2/6 - 13/3. Suppose l = -2*t + 3*l + 34, -3*t + 4*l + 56 = 0. What is the units digit of (-3)/t + (-61)/x?
5
Let r(z) = 43*z**2 - 28*z**2 + z + 42*z**2. Let y be r(-1). Suppose -4*v + d = -y, 3*d + 46 = 2*v - 2*d. What is the tens digit of v?
1
Suppose -68 - 64 = -u - 4*p, 0 = 3*u - 5*p - 413. What is the units digit of u?
6
Suppose 4*s - 229 + 21 = 0. What is the tens digit of s?
5
Suppose 3*s - 8*s = 15. Let v = 6 + s. What is the units digit of v?
3
Let m(v) = 23*v + 1. What is the tens digit of m(1)?
2
Suppose 0 = -2*v - 3*v + n + 1256, -5*n + 20 = 0. What is the units digit of v?
2
Suppose 0*l = -k - l + 2, -k - 6 = -3*l. Suppose k = 5*t - 0*t - 40. What is the units digit of t?
8
Suppose 205 + 557 = 3*z. What is the hundreds digit of z?
2
Suppose -2*r - 2*r + n - 66 = 0, 0 = 3*n + 6. Let g = 25 + r. What is the units digit of 2/g + 11/4?
3
Suppose -34 - 52 = -2*z. What is the tens digit of z?
4
Suppose -5*n + 189 - 29 = 0. What is the tens digit of n?
3
Let q = -21 - -45. What is the tens digit of q?
2
Let u = 4 + -4. Suppose x - 4*x + 3 = u. What is the units digit of x?
1
Let f(a) = 4*a + 1. Let d be f(-1). Let t be (3/(-6))/(d/(-90)). Let q = t - -23. What is the units digit of q?
8
Let u = -151 + 241. What is the tens digit of u?
9
Let j(p) = 18*p**2 + p - 2. What is the tens digit of j(2)?
7
What is the units digit of 39/52 + (-562)/(-8)?
1
Suppose -3*o = -2*d + 5*d - 66, 4*d = -o + 16. What is the tens digit of o?
2
Let m(f) = -f**2 + 9*f - 5. Suppose 3*v - 12 = 12. Let i be m(v). Suppose -5*p - 2*b + 1 = 0, -i = 2*p + 4*b + 3. What is the units digit of p?
1
Let s = 1 + -12. Let q = s - -19. What is the units digit of q?
8
Let c(s) = 7*s**2 - 2*s - 1. Let b be c(-1). Let o = b + -14. Let d = o + 12. What is the units digit of d?
6
Let b be (4 - 10/3)*129. Suppose -5*t + 3*z = 7*z - b, 3*t - 50 = -2*z. What is the units digit of t?
4
Let m(g) = -g**3 + 4*g**2 - 3*g - 5. Let s be m(4). Let z = -8 - s. Suppose 3*d + z = 5*b, 3*d + d - 4*b + 4 = 0. What is the units digit of d?
2
Let i(v) = -2*v**3 - v**2 + v. Let t be i(2). Let p = t + 28. Let y = p + -6. What is the units digit of y?
4
Let t be 2 - (-1 - (2 + -3)). Suppose t*x + 10 = 4*x. What is the units digit of x?
5
Let w(q) = -q**2 - 8*q - 3. Suppose -5*p = -6 + 41. Let x be w(p). What is the units digit of 94/10 + x/(-10)?
9
Let x(k) = 5*k**3 - 3*k**2 + 3*k - 2. Suppose -s = -4*s + 4*v + 14, -3*s - 5*v - 4 = 0. What is the tens digit of x(s)?
3
Suppose -4*m + 177 = -3*c + 8, 3*c - m + 157 = 0. What is the tens digit of (-1)/(-4) + c/(-4)?
1
Suppose -267 = -7*y + 237. What is the units digit of y?
2
Suppose -5*s + 12 = -2*s. What is the units digit of s?
4
Suppose 20 = 5*c, -4*s = 5*c - 1 - 27. Suppose -4*q = -3*k - 61, 3*k - 12 = -s*q + 5. What is the tens digit of q?
1
Suppose -s = -42 - 170. What is the hundreds digit of s?
2
Suppose 4*u - 501 = 2*f + 107, 2*u = -f + 304. What is the units digit of u?
2
Let f = 57 - -118. What is the tens digit of f?
7
Let y(t) = 10*t**2 - t + 1. Let s be y(1). Let l = s + -5. Suppose -l*z + 0*z + 70 = 0. What is the units digit of z?
4
What is the hundreds digit of -1 - ((-250)/(-3))/((-3)/9)?
2
Let p(r) = -3*r + 20. Let h be p(9). Let v = h + 8. What is the units digit of v?
1
Let t be 8/(-2)*15/(-12). Suppose 0*y + b = 4*y - 24, -3*y + t*b = -35. Suppose 0 = -z + 2 + y. What is the units digit of z?
7
Suppose 4*q = 5*y - 60, -3*y = -3*q - 33 - 6. Let p = y + -6. What is the units digit of p?
2
Suppose -5*i + 2*m + 19 = -0*m, -4*i + 32 = 4*m. Suppose i*a - 60 = -0*a. What is the units digit of a?
2
Let s(o) = -o**2 + 10*o - 4. What is the units digit of s(5)?
1
What is the units digit of 3*10/12*2?
5
Let j = 14 + -11. What is the units digit of (0 + j + -5)/(-1)?
2
Let f be -4*1*(0 - 1). Let r(d) = d**3 - 3*d**2 - 2*d - 3. Let j be r(f). Suppose 0 = -j*z + 40 - 5. What is the units digit of z?
7
Let l = -20 + 46. What is the tens digit of l?
2
Suppose -3*m - 16 = -7*m. Suppose d + 5 = 0, -3*d - 11 = 2*w - 0*w. Let v = m + w. What is the units digit of v?
6
Suppose -5 = -5*z - 0. What is the units digit of (-1 + z + -2)/(-2)?
1
Suppose 177 = 4*v - 5*u, -167 = -5*v - 4*u + 85. Suppose -2*f = 2*f - v. What is the units digit of f?
2
Let d(s) = -s**3 - 5*s**2 - 4*s + 2. What is the units digit of d(-4)?
2
Let t(x) = -x**2 + x. Let j(w) = -2*w**2 + 5*w + 3. Let f(a) = j(a) - t(a). Let l be f(4). Suppose o = -2*o + l. What is the units digit of o?
1
Let b(g) = 30*g**3 - 2*g**2 + g. Let z be b(1). Suppose -5*m - 3*a = -2*a - z, -2*a + 13 = m. What is the units digit of m?
5
Let q = -1 + 1. What is the tens digit of (-2 - -16)*(q - -1)?
1
Suppose 0 = -5*t - 86 + 21. Let i = -9 - t. Suppose p = i + 4. What is the units digit of p?
8
Let n(s) = 3*s - 1. Let u be n(1). Suppose -u*v + 0*v = 2*o, 3*o + 4*v = -4. Suppose 5*m = -20, 3 = -o*x + 2*m + 19. What is the units digit of x?
2
What is the tens digit of 1/(4 - 182/46)?
2
Suppose 3*c - 5*g = -13, 0*c - 4*c = 2*g + 26. Let w be (-2 - -1 - 0)*c. What is the tens digit of 81/w + 3/6?
1
Let v be -1 - -2 - (-1 - 3). Suppose r - v = -0*r - 2*x, -28 = -4*r - 4*x. What is the units digit of r?
9
Suppose -v + 48 = -3*b, 4*v - 3*b + 29 = 212. Let o = v + -2. What is the units digit of o?
3
What is the tens digit of ((-6)/(-15 + 3))/((-1)/(-302))?
5
Let i(z) = -z + 1. Let s be i(-3). Let t = -12 - -17. Suppose -s*k + k = t*w + 2, k + 4*w + 10 = 0. What is the units digit of k?
6
Let k be 636/15 - (-6)/(-15). Suppose -b - 7*l + 2*l = -k, 0 = b - 2*l - 56. What is the units digit of b?
2
What is the tens digit of (-22)/(6/9 + -1)?
6
Suppose -4*j + m = -171, 0 = 5*j - 6*m + 4*m - 216. What is the units digit of j?
2
Let a(q) = -2 + 3 + 2 + q. Suppose -4 = 7*u - 8*u. What is the units digit of a(u)?
7
Let r = 124 - 52. What is the tens digit of r?
7
Let n(f) = 13*f - 1. What is the units digit of n(1)?
2
Suppose 0 = -2*y - 0*y. Suppose 3*d - 3 - 2 = 2*z, 3*z + 5*d - 2 = y. Let j = 5 